Let g(s) = -s**3 + 1048*s**2 - 12434*s + 2331. Give g(1036).
259
Let l(n) = -40*n - 4515. Determine l(-146).
1325
Let x(i) = 3532*i**3 + 5*i**2 - 555*i + 553. Give x(1).
3535
Let n(o) = 20*o**2 + 618*o + 1619. Calculate n(-28).
-5
Let q(x) = -x**3 + 3546*x**2 + 92875*x - 56. Calculate q(-26).
-134
Let k(l) = 6*l**2 + 346*l + 1912. Calculate k(-6).
52
Let h(c) = 26*c**2 - 10137*c - 1155. Determine h(390).
15
Let j(b) = -b**3 - 31*b**2 - 160*b + 969. Determine j(-13).
7
Let z(f) = -2*f**2 - 56*f - 630. What is z(-21)?
-336
Let u(i) = 10197*i + 897427. Give u(-88).
91
Let z(d) = -235*d**2 + 15277*d - 156. Give z(65).
-26
Let n(q) = -651*q**2 - 3897*q + 58. Calculate n(-6).
4
Let l(y) = 4*y**2 - 115*y + 269. Calculate l(26).
-17
Let n(f) = -f**3 + 94*f**2 - 2462*f + 47191. Give n(68).
-1
Let q(h) = -3*h**3 - 44*h**2 + 298*h - 9. Determine q(5).
6
Let b(l) = 67*l**2 - 4000*l - 1183. What is b(60)?
17
Let t(j) = 16608*j - 165631. Determine t(10).
449
Let k(m) = 136006*m - 11. Calculate k(0).
-11
Let a(n) = 8*n**2 - 2740*n - 180346. Calculate a(399).
2
Let p(i) = 11*i**2 + 2079*i + 223. Calculate p(-189).
223
Let j(l) = l**2 + 1125*l + 16830. What is j(-15)?
180
Let j(o) = -106*o**2 - 1817*o - 211. Calculate j(-17).
44
Let l(a) = -a**3 - 516*a**2 + 16372*a - 4306. Give l(-546).
62
Let l(f) = f**2 - 603*f + 50295. Give l(503).
-5
Let c(y) = 3*y**3 - 597*y**2 + 10739*y + 59. Determine c(179).
-120
Let m(u) = -u**3 - 9*u**2 + 861*u - 6716. What is m(10)?
-6
Let x(g) = g**2 - 1703*g - 6856. Give x(-4).
-28
Let y(z) = -517*z + 1663. Calculate y(3).
112
Let d(f) = -234*f + 72671. What is d(289)?
5045
Let i(d) = 12*d - 1686. Give i(143).
30
Let j(t) = -1629*t + 1669. Calculate j(1).
40
Let z(k) = 3*k**3 - 1312*k**2 + 1745*k - 408. What is z(436)?
28
Let r(w) = -302*w**2 + 87275*w + 888. Calculate r(289).
21
Let v(d) = 139*d**2 - 837*d - 2200. Calculate v(8).
0
Let c(u) = -504*u + 5835. Give c(12).
-213
Let x(j) = -15*j + 460. Determine x(-4).
520
Let o(k) = -89986*k + 719883. Give o(8).
-5
Let b(i) = i**3 - 21*i**2 + 57*i - 85. Calculate b(15).
-580
Let h(d) = -d**3 + 46*d**2 + 365*d - 82. What is h(53)?
-400
Let a(m) = 2*m**2 - 54*m + 212. Determine a(8).
-92
Let d(n) = -n**3 + 268*n**2 + 2441*n + 14399. Calculate d(277).
-5
Let n(z) = 8*z**2 - 177*z - 7167. What is n(43)?
14
Let d(u) = 97983*u + 1665685. Calculate d(-17).
-26
Let l(x) = -2694*x - 2074373. What is l(-770)?
7
Let h(b) = 19*b**2 + 1839*b - 44386. Determine h(20).
-6
Let f(c) = 64234*c - 1284675. What is f(20)?
5
Let s(w) = -4*w**2 - 293*w + 40. Give s(-70).
950
Let f(q) = 15*q**3 + 81*q**2 - 64*q + 28. Determine f(-6).
88
Let f(b) = 12361*b - 135979. Give f(11).
-8
Let w(c) = 1023*c - 13123. What is w(13)?
176
Let o(c) = 205*c + 54881. Give o(-262).
1171
Let t(w) = 26*w**2 - 30737*w - 55646. Determine t(1184).
2
Let n(b) = b**2 - 137*b + 4396. Determine n(49).
84
Let b(k) = -706803*k - 4947633. What is b(-7)?
-12
Let g(h) = -h**2 - 643*h - 19548. Calculate g(-611).
4
Let y(b) = 5*b**3 + 134*b**2 - 33*b - 170. Calculate y(-27).
-8
Let v(s) = 6055*s + 18167. Give v(-3).
2
Let r(m) = -2*m**3 - 8*m**2 + 200*m + 237. Determine r(8).
301
Let q(b) = 3*b**3 - 1057*b**2 - 1740*b - 10632. Give q(354).
-12
Let b(s) = -19951*s**2 - 877844*s - 14. What is b(-44)?
-14
Let g(n) = n**3 - 2*n**2 + 119*n + 32. Determine g(10).
2022
Let o(b) = 614*b + 4719. Determine o(-7).
421
Let q(b) = -2*b**2 + 256*b + 6027. Give q(148).
107
Let r(y) = -y**2 + 229*y + 75365. What is r(-183)?
-31
Let l(q) = 3*q**2 + 4763*q + 28564. What is l(-6)?
94
Let g(v) = 12*v**3 - 141*v**2 - 67*v + 177. What is g(12)?
-195
Let c(y) = 2*y**3 + 40*y**2 - 8481*y - 1740. Calculate c(56).
-4
Let j(z) = 2*z**3 - 43*z**2 + 284*z - 7389. Determine j(23).
730
Let x(k) = -7*k**2 + 99*k + 3057. Give x(-23).
-2923
Let j(y) = y**2 - 2179*y + 26010. What is j(12)?
6
Let r(k) = -18*k**2 - 18839*k - 130993. What is r(-7)?
-2
Let x(s) = -14*s**2 - 487*s + 29. Calculate x(-35).
-76
Let a(p) = 2380*p + 9577. Calculate a(-4).
57
Let x(z) = z**2 - 105343*z - 4637029. Calculate x(-44).
-1
Let n(t) = -3*t**2 - 170*t - 274. What is n(-55)?
1
Let j(t) = t**3 + 34*t**2 - 54*t - 1436. Determine j(-32).
2340
Let q(s) = s**3 + 77*s**2 - 5492*s + 25. What is q(45)?
-65
Let i(d) = d**3 - 61*d**2 + 739*d - 731. Determine i(15).
4
Let r(g) = 144*g**2 - 3725*g - 487. Calculate r(26).
7
Let v(r) = 331*r + 957. Calculate v(-8).
-1691
Let d(o) = 58*o - 224. Determine d(27).
1342
Let w(c) = -c**2 - 266*c + 29624. Calculate w(81).
1517
Let k(t) = 184*t**2 - 12710*t + 969. Calculate k(69).
3
Let w(k) = -31727*k - 95221. What is w(-3)?
-40
Let f(l) = -39*l**3 + 17159*l**2 + 456*l - 7047. Calculate f(440).
-7
Let w(c) = 2763*c + 115203. What is w(-41)?
1920
Let h(v) = -1166*v + 179279. Calculate h(152).
2047
Let g(m) = -55*m**2 - 6087*m - 4099. Determine g(-110).
-29
Let h(j) = -93*j**2 - 1851*j + 179. What is h(-20)?
-1
Let o(z) = -2*z**3 + 3306*z**2 + 16575*z - 19. Give o(-5).
6
Let r(n) = 12*n**2 + 171*n - 35971. Give r(-62).
-445
Let o(b) = 3*b**2 + 1488*b + 38806. What is o(-26)?
2146
Let n(j) = 10*j**2 - 2973*j + 8913. Determine n(3).
84
Let f(m) = 21*m**2 + 1618*m + 31143. Give f(-38).
-17
Let s(y) = -y**2 + 29*y + 36460. Calculate s(-177).
-2
Let a(g) = 2*g**3 - 64*g**2 + 154*g + 161. Determine a(29).
-419
Let b(k) = -13*k**2 + 566*k + 320. Give b(44).
56
Let s(d) = 2*d**2 + 424*d + 16644. Determine s(-52).
4
Let r(n) = -n**2 - 30*n - 605. Determine r(-16).
-381
Let b(h) = 74*h**2 - 929*h - 1441. Determine b(14).
57
Let n(t) = 9*t**2 + 334*t - 8941. Give n(18).
-13
Let k(r) = -10641*r + 2362321. Give k(222).
19
Let c(v) = 45*v**3 + 727*v**2 + 134*v + 19. Give c(-16).
-333
Let h(z) = z**3 - 180*z**2 + 7710*z + 14178. What is h(106)?
-26
Let z(q) = -q**3 + 102*q**2 + 3792*q + 66. Give z(-29).
269
Let i(r) = 12206*r - 97437. What is i(8)?
211
Let t(d) = -13*d**3 + 83*d**2 - 55*d + 135. Calculate t(6).
-15
Let y(k) = -26401*k - 211853. Give y(-8).
-645
Let d(g) = -15*g + 1167. Determine d(94).
-243
Let x(s) = 572*s - 14879. What is x(25)?
-579
Let o(i) = -741*i + 108273. Calculate o(146).
87
Let m(b) = 3*b**3 - 237*b**2 - 992*b - 293. Determine m(83).
39
Let b(r) = -r**3 + 37*r**2 + 2600*r - 5752. Calculate b(72).
8
Let v(w) = w**3 - 111*w**2 - 3797*w + 429776. Determine v(110).
6
Let s(r) = -3*r**3 + 143*r**2 - 685*r + 14621. Calculate s(45).
-4
Let t(c) = -3407*c + 10278. Determine t(3).
57
Let u(l) = -41321*l + 785107. What is u(19)?
8
Let b(l) = -2*l**3 + 802*l**2 + 5729*l - 6947. Give b(408).
-11
Let l(h) = -74193*h + 1483923. Give l(20).
63
Let g(v) = -v**3 - 62*v**2 - 544*v + 96. What is g(-51)?
-771
Let l(x) = -2*x**3 - 353*x**2 - 7054*x + 165. Give l(-23).
4
Let f(p) = 144039*p + 2016685. Calculate f(-14).
139
Let i(o) = 2*o**3 - 26*o**2 - 43*o - 47. Determine i(17).
1534
Let s(u) = -6434*u - 16304. Give s(-3).
2998
Let w(h) = 2*h**2 + 120*h + 2090. Give w(-14).
802
Let x(g) = -914*g - 505450. Determine x(-553).
-8
Let r(f) = f**2 - 2553*f - 595129. Determine r(-215).
-9
Let j(q) = q**3 - 6*q**2 - 2*q - 64. Calculate j(7).
-29
Let y(r) = -13*r**3 - 2637*r**2 + 412*r + 1223. Determine y(-203).
5
Let j(b) = -2917*b - 297519. Calculate j(-102).
15
Let g(j) = 14*j**2 + 53*j - 83. What is g(-5)?
2
Let g(h) = h**3 - 33*h**2 + 24*h - 69. What is g(32)?
-325
Let h(f) = -f**3 + 248*f**2 + 5952*f - 3256. Give h(270).
-16
Let l(u) = -16*u**3 - 210*u**2 - 14*u + 103. Calculate l(-13).
-53
Let y(o) = 1161*o + 9938. Calculate y(-7).
1811
Let c(p) = -458*p + 2820. Calculate c(7).
-386
Let h(b) = b**3 + 150*b**2 + 1385*b + 334867. Calculate h(-155).
67
Let l(u) = -126*u**2 - 147*u + 55. Give l(-2).
-155
Let a(h) = h**2 - 1831*h + 18381. What is a(10)?
171
Let b(s) = -s**3 - 15*s**2 + 107*s + 531. Give b(-20).
391
Let w(f) = f**2 - 99*f + 1015. Calculate w(87).
-29
Let p(t) = -222019*t - 2664192. Determine p(-12).
36
Let c(y) = -2*y**2 - 4653*y - 500232. What is c(-113)?
19
Let o(b) = 2037*b**3 + 19*b**2 + 22*b - 2. Calculate o(-1).
-2042
Let k(m) = 2*m**3 - 159*m**2 - 1585*m + 2044. Give k(-10).
-6
Let u(y) = 9*y**3 - 1045*y**2 + 107*y + 997. Calculate u(116).
-47
Let n(f) = 4*f**3 + 40*f**2 + 43*f - 154. Determine n(-8).
14
Let a(c) = -144*c**3 - 2*c**2 + 24*c + 19. Give a